{"id":6445,"date":"2023-07-03T13:54:30","date_gmt":"2023-07-03T11:54:30","guid":{"rendered":"https:\/\/agrocoop-ks.com\/product\/dracaena-lucky-bamboo\/"},"modified":"2025-05-23T02:10:14","modified_gmt":"2025-05-23T00:10:14","slug":"dracaena-lucky-bamboo","status":"publish","type":"product","link":"https:\/\/agrocoop-ks.com\/?product=dracaena-lucky-bamboo","title":{"rendered":"Dracaena Lucky Bamboo"},"content":{"rendered":"<p>30 cm (vazon e ka plastike, ngjyr\u00eb t\u00eb bardh\u00eb ose t\u00eb kalt\u00ebr)<\/p>\n","protected":false},"excerpt":{"rendered":"<p>30 cm (vazon e ka plastike, ngjyr\u00eb t\u00eb bardh\u00eb ose t\u00eb kalt\u00ebr)<\/p>\n","protected":false},"featured_media":6443,"comment_status":"open","ping_status":"closed","template":"","meta":[],"product_brand":[],"product_cat":[27,15],"product_tag":[],"class_list":{"0":"post-6445","1":"product","2":"type-product","3":"status-publish","4":"has-post-thumbnail","6":"product_cat-lule-ne-vazo","7":"product_cat-pa-kategori","9":"first","10":"outofstock","11":"sale","12":"shipping-taxable","13":"purchasable","14":"product-type-simple"},"_links":{"self":[{"href":"https:\/\/agrocoop-ks.com\/index.php?rest_route=\/wp\/v2\/product\/6445","targetHints":{"allow":["GET"]}}],"collection":[{"href":"https:\/\/agrocoop-ks.com\/index.php?rest_route=\/wp\/v2\/product"}],"about":[{"href":"https:\/\/agrocoop-ks.com\/index.php?rest_route=\/wp\/v2\/types\/product"}],"replies":[{"embeddable":true,"href":"https:\/\/agrocoop-ks.com\/index.php?rest_route=%2Fwp%2Fv2%2Fcomments&post=6445"}],"wp:featuredmedia":[{"embeddable":true,"href":"https:\/\/agrocoop-ks.com\/index.php?rest_route=\/wp\/v2\/media\/6443"}],"wp:attachment":[{"href":"https:\/\/agrocoop-ks.com\/index.php?rest_route=%2Fwp%2Fv2%2Fmedia&parent=6445"}],"wp:term":[{"taxonomy":"product_brand","embeddable":true,"href":"https:\/\/agrocoop-ks.com\/index.php?rest_route=%2Fwp%2Fv2%2Fproduct_brand&post=6445"},{"taxonomy":"product_cat","embeddable":true,"href":"https:\/\/agrocoop-ks.com\/index.php?rest_route=%2Fwp%2Fv2%2Fproduct_cat&post=6445"},{"taxonomy":"product_tag","embeddable":true,"href":"https:\/\/agrocoop-ks.com\/index.php?rest_route=%2Fwp%2Fv2%2Fproduct_tag&post=6445"}],"curies":[{"name":"wp","href":"https:\/\/api.w.org\/{rel}","templated":true}]}}